{"id":27606,"date":"2023-11-16T16:18:19","date_gmt":"2023-11-16T15:18:19","guid":{"rendered":"https:\/\/iicstoccolma.esteri.it\/?page_id=27606"},"modified":"2024-02-09T15:57:25","modified_gmt":"2024-02-09T14:57:25","slug":"andres-bergman-petrarca-och-litteraturen","status":"publish","type":"page","link":"https:\/\/iicstoccolma.esteri.it\/it\/lingua-e-cultura\/pubblicazioni-delliic\/cartaditalia-classici\/andres-bergman-petrarca-och-litteraturen\/","title":{"rendered":"Andres Bergman, &#8220;Petrarca och litteraturen&#8221;"},"content":{"rendered":"<h5>La seconda edizione di &#8220;Cartaditalia Classici&#8221;, <strong><em>Petrarca och letteraturen <\/em><\/strong>(it. &#8220;Petrarca e la letteratura&#8221;), \u00e8 stata presentata il 30 gennaio 2013 dall&#8217;autore Anders Bergman e dallo storico della letteratura Conny Svensson dell&#8217;Universit\u00e0 di Uppsala.<\/h5>\n<p>&nbsp;<\/p>\n<p><strong>Petrarca<\/strong><br \/>\n<span style=\"text-decoration: underline;\">Francesco Petrarca<\/span> (1304-1374) \u00e8 principalmente noto per le sue poesie d&#8217;amore. Ma \u00e8 anche uno dei pi\u00f9 grandi conoscitori e amanti della letteratura di tutti i tempi. Come padre dell&#8217;Umanesimo, ha influenzato la nostra visione della cultura e della storia, dell&#8217;attivit\u00e0 intellettuale e accademica. \u00c8 proprio questo il Petrarca ch viene per la prima volta ritratto in uno studio approfondito in svedese. A partire da centinaia di estratti da opere mai tradotte prima d&#8217;ora, l&#8217;autore del volume Anders Bergman consente a Petrarca di esprimersi sulla natura, le forme e il valore della letteratura. Perch\u00e9 si dovrebbe leggere? Come si dovrebbe scrivere? Cosa distingue una buona letteratura da una cattiva letteratura? Come si diventa un autore di successo?<\/p>\n<p><strong>L&#8217;autore<br \/>\n<\/strong><span style=\"text-decoration: underline;\">Anders Bergman<\/span> (1980) \u00e8 laureato in letteratura presso l&#8217;Universit\u00e0 di Uppsala ed \u00e8 attualmente attivo nel settore editoriale. Ha pubblicato i libri <em>Sigge Bergman \u2013 ritratto di un dirigente sportivo<\/em>\u00a0(2008) e <em>Comic in Kafka<\/em>\u00a0(2009).<strong><br \/>\n<\/strong><\/p>\n<p><strong>La copertina<br \/>\n<img loading=\"lazy\" decoding=\"async\" class=\"alignnone size-medium wp-image-27593 img-fluid\" src=\"https:\/\/iicstoccolma.esteri.it\/wp-content\/uploads\/2023\/11\/CopertineCartadItalia_usodigital_220x300px14-220x300.png\" alt=\"\" width=\"220\" height=\"300\" srcset=\"https:\/\/iicstoccolma.esteri.it\/wp-content\/uploads\/2023\/11\/CopertineCartadItalia_usodigital_220x300px14-220x300.png 220w, https:\/\/iicstoccolma.esteri.it\/wp-content\/uploads\/2023\/11\/CopertineCartadItalia_usodigital_220x300px14-751x1024.png 751w, https:\/\/iicstoccolma.esteri.it\/wp-content\/uploads\/2023\/11\/CopertineCartadItalia_usodigital_220x300px14-768x1047.png 768w, https:\/\/iicstoccolma.esteri.it\/wp-content\/uploads\/2023\/11\/CopertineCartadItalia_usodigital_220x300px14.png 917w\" sizes=\"auto, (max-width: 220px) 100vw, 220px\" \/><br \/>\n<\/strong><\/p>\n<p>&nbsp;<\/p>\n<hr \/>\n<p>Il libro \u00e8 in vendita presso il nostro <strong>Istituto\u00a0<\/strong>(G\u00e4rdesgatan 14, Stoccolma).<\/p>\n","protected":false},"excerpt":{"rendered":"La seconda edizione di &#8220;Cartaditalia Classici&#8221;, Petrarca och letteraturen (it. &#8220;Petrarca e la letteratura&#8221;), \u00e8 stata presentata il 30 gennaio 2013 dall&#8217;autore Anders Bergman e dallo storico della letteratura Conny Svensson dell&#8217;Universit\u00e0 di Uppsala. &nbsp; Petrarca Francesco Petrarca (1304-1374) \u00e8 principalmente noto per le sue poesie d&#8217;amore. Ma \u00e8 anche uno dei pi\u00f9 grandi conoscitori [&hellip;]","protected":false},"author":5,"featured_media":0,"parent":27306,"menu_order":1,"comment_status":"closed","ping_status":"closed","template":"","meta":{"footnotes":""},"class_list":["post-27606","page","type-page","status-publish","hentry"],"_links":{"self":[{"href":"https:\/\/iicstoccolma.esteri.it\/it\/wp-json\/wp\/v2\/pages\/27606","targetHints":{"allow":["GET"]}}],"collection":[{"href":"https:\/\/iicstoccolma.esteri.it\/it\/wp-json\/wp\/v2\/pages"}],"about":[{"href":"https:\/\/iicstoccolma.esteri.it\/it\/wp-json\/wp\/v2\/types\/page"}],"author":[{"embeddable":true,"href":"https:\/\/iicstoccolma.esteri.it\/it\/wp-json\/wp\/v2\/users\/5"}],"replies":[{"embeddable":true,"href":"https:\/\/iicstoccolma.esteri.it\/it\/wp-json\/wp\/v2\/comments?post=27606"}],"version-history":[{"count":6,"href":"https:\/\/iicstoccolma.esteri.it\/it\/wp-json\/wp\/v2\/pages\/27606\/revisions"}],"predecessor-version":[{"id":33347,"href":"https:\/\/iicstoccolma.esteri.it\/it\/wp-json\/wp\/v2\/pages\/27606\/revisions\/33347"}],"up":[{"embeddable":true,"href":"https:\/\/iicstoccolma.esteri.it\/it\/wp-json\/wp\/v2\/pages\/27306"}],"wp:attachment":[{"href":"https:\/\/iicstoccolma.esteri.it\/it\/wp-json\/wp\/v2\/media?parent=27606"}],"curies":[{"name":"wp","href":"https:\/\/api.w.org\/{rel}","templated":true}]}}

<h5>La seconda edizione di &#8220;Cartaditalia Classici&#8221;, <strong><em>Petrarca och letteraturen </em></strong>(it. &#8220;Petrarca e la letteratura&#8221;), è stata presentata il 30 gennaio 2013 dall&#8217;autore Anders Bergman e dallo storico della letteratura Conny Svensson dell&#8217;Università di Uppsala.</h5>
<p>&nbsp;</p>
<p><strong>Petrarca</strong><br />
<span style="text-decoration: underline;">Francesco Petrarca</span> (1304-1374) è principalmente noto per le sue poesie d&#8217;amore. Ma è anche uno dei più grandi conoscitori e amanti della letteratura di tutti i tempi. Come padre dell&#8217;Umanesimo, ha influenzato la nostra visione della cultura e della storia, dell&#8217;attività intellettuale e accademica. È proprio questo il Petrarca ch viene per la prima volta ritratto in uno studio approfondito in svedese. A partire da centinaia di estratti da opere mai tradotte prima d&#8217;ora, l&#8217;autore del volume Anders Bergman consente a Petrarca di esprimersi sulla natura, le forme e il valore della letteratura. Perché si dovrebbe leggere? Come si dovrebbe scrivere? Cosa distingue una buona letteratura da una cattiva letteratura? Come si diventa un autore di successo?</p>
<p><strong>L&#8217;autore<br />
</strong><span style="text-decoration: underline;">Anders Bergman</span> (1980) è laureato in letteratura presso l&#8217;Università di Uppsala ed è attualmente attivo nel settore editoriale. Ha pubblicato i libri <em>Sigge Bergman – ritratto di un dirigente sportivo</em> (2008) e <em>Comic in Kafka</em> (2009).<strong><br />
</strong></p>
<p><strong>La copertina<br />
<img loading="lazy" decoding="async" class="alignnone size-medium wp-image-27593 img-fluid" src="https://iicstoccolma.esteri.it/wp-content/uploads/2023/11/CopertineCartadItalia_usodigital_220x300px14-220x300.png" alt="" width="220" height="300" srcset="https://iicstoccolma.esteri.it/wp-content/uploads/2023/11/CopertineCartadItalia_usodigital_220x300px14-220x300.png 220w, https://iicstoccolma.esteri.it/wp-content/uploads/2023/11/CopertineCartadItalia_usodigital_220x300px14-751x1024.png 751w, https://iicstoccolma.esteri.it/wp-content/uploads/2023/11/CopertineCartadItalia_usodigital_220x300px14-768x1047.png 768w, https://iicstoccolma.esteri.it/wp-content/uploads/2023/11/CopertineCartadItalia_usodigital_220x300px14.png 917w" sizes="auto, (max-width: 220px) 100vw, 220px" /><br />
</strong></p>
<p>&nbsp;</p>
<hr />
<p>Il libro è in vendita presso il nostro <strong>Istituto </strong>(Gärdesgatan 14, Stoccolma).</p>

La seconda edizione di &#8220;Cartaditalia Classici&#8221;, Petrarca och letteraturen (it. &#8220;Petrarca e la letteratura&#8221;), è stata presentata il 30 gennaio 2013 dall&#8217;autore Anders Bergman e dallo storico della letteratura Conny Svensson dell&#8217;Università di Uppsala. &nbsp; Petrarca Francesco Petrarca (1304-1374) è principalmente noto per le sue poesie d&#8217;amore. Ma è anche uno dei più grandi conoscitori [&hellip;]
